15)?
2
Calculate -66 + 69 + (17 - 5).
15
Evaluate (3 + -9 - -5) + 22 + 7 + -9.
19
What is -2 - -1 - 8 - (282 + -271)?
-20
Evaluate (-5 + 3 + -3 - 22) + 5 + 2.
-20
11 - (-6 - -12 - 2)
7
Evaluate 7 - (-26 + (-24 - -78)).
-21
-1 - 3 - -6 - (6 + -5 + 6)
-5
What is the value of -6 - (3 + -4) - -11?
6
-20 + (11 - (13 + -25))
3
What is the value of -8 + 0 + (-2 - 4 - 0) + 3?
-11
What is (-15 - -5) + 8 - (-1 + -1) - -8?
8
Evaluate (-23 + 30 - 17) + -14.
-24
What is 0 - (-2 + -1 - (-4 - (0 - 2)))?
1
Evaluate 30 - (10 - 7) - 42.
-15
Evaluate 31 + -8 + -10 + -1.
12
Calculate -6 + (-17 - -7) - (2 - 21).
3
Calculate 28 + -13 + (-40 - -14).
-11
What is the value of (2 - 2 - -12) + 1 + -8 + 9?
14
Evaluate -704 + 716 + 0 + (1 - 23).
-10
-123 - -126 - (-2 + (2 - -14))
-11
What is the value of -4 - (-5 - (-6 + 4 + 4))?
3
0 - 16 - -17 - -12
13
What is the value of (-17 - -1) + (21 - 33) + 10 + 12?
-6
(-3 - 1 - (6 - (-35 + 54))) + 32
41
Evaluate -16 - (0 - ((1 + 10 - -5) + -6)).
-6
6 - 6 - (6 - 10)
4
Evaluate -27 - (-42 + 7 - 25).
33
(5 - 2) + -12 + 13 + -11 + 3
-4
Calculate 3 - (39 + -74 + 5 - (-5 - 2)).
26
What is (-1947 - -1936) + -2 + 1?
-12
-1 - 2 - (-14 + 10 + -9)
10
8 + 0 + -3 + (-11 - (-19 + 14))
-1
Calculate (28 - 20) + -16 - (1 + 0).
-9
What is 0 + (20 - (4 - (11 + -8))) + -2?
17
-6 + 9 + (13 + -10 - 4 - -7)
9
Calculate 24 - (29 - (18 - 0)).
13
(-3 - -1) + 10 + 264 + -257
15
What is -29 + 21 - (-10 - (4 + -4))?
2
Calculate 3 + (0 - -8) + (-6 - (1 + -5)).
9
What is the value of -10 - (-3 + 2 + 1 + -18 + 17)?
-9
Evaluate 8 + (6 - -1) + 5.
20
What is -22 - (-15 - (24 + -47))?
-30
What is (-6 + 12 - 2) + (0 - -9)?
13
-3 + 0 + 20 + -37 + (6 - 1)
-15
What is the value of (2 - -1 - 6 - (-5 + 8)) + 14?
8
Evaluate (8 - (-5 - 8)) + -10.
11
Calculate 10 + -15 - (-14 + 1 + 1).
7
What is the value of 0 + -9 - (27 - (52 + -17))?
-1
Evaluate -4 + -19 + 2 + (1 - 0) + 6.
-14
Calculate -1 + -22 + 12 + (1 - (-1 - -4)).
-13
What is the value of -5 + -3 + 11 - (-3 - 5)?
11
28 + (6 - (8 - 0)) + (-1 - 4)
21
What is (-9 - -8) + -2 + (-2 - (2 + -5))?
-2
9 - 4 - 10 - -12 - (13 - -2)
-8
What is the value of 38 - ((91 - 23) + -28)?
-2
Evaluate (6 - (14 - (9 + 11 + -10))) + 9.
11
Evaluate 37 - (2 + 17) - (22 + -8).
4
What is (-7 - (-1 - 5)) + (-1 - (-4 - -7))?
-5
What is -4 + 10 + (-11 - -9) - (4 + 4)?
-4
Evaluate 7 + -12 + 3 - (-20 + 9).
9
Evaluate (-19 + 12 - -1) + 0.
-6
What is the value of (16 - -6 - 22) + 0?
0
What is the value of 0 - 4 - (13 - (30 + -23))?
-10
-23 - -13 - (9 - (-12 + 37))
6
What is the value of (18 + -5 - 8) + -1 + 19?
23
1 + 3 + (-232 - -222)
-6
What is the value of -3 - ((3 - 7) + 5) - (6 + -1)?
-9
What is 5 - (-12 + 0 + 16 + -23)?
24
Calculate 0 - -3 - (-44 - -14 - -16 - -10).
7
What is -1 - ((2 - -3) + (-5 - -8))?
-9
What is the value of 0 - -7 - (-7 - -25 - 20) - -1?
10
Calculate (4 + 4 - 10) + -4.
-6
14 + (-12 - (9 + (5 - 24)))
12
What is (-6 + -5 - 24 - -9) + (3 - -4)?
-19
3 - 5 - (-48 - -52)
-6
What is -2 + (1 - 2) + (-3 - -2) - 2?
-6
-1 - 6 - (-13 + -5 - -25)
-14
What is the value of 13 + -36 - -1 - -11?
-11
What is 1 + 7 + (-114 - -115)?
9
Evaluate (1 - 7) + (-3 - -16) + 9.
16
Calculate (-8 - -5) + -25 - -3 - (7 + -1).
-31
What is 33 - 45 - (-9 - 1)?
-2
What is 22 + (9 - 16) + (2 - 6)?
11
Calculate -25 - 4 - (9 - (9 + 9)).
-20
Calculate -13 + (-2 - (12 - 45) - 12).
6
What is the value of 4 + 0 - 1 - (-74 - -55)?
22
What is the value of (14 - 43) + 15 - -22?
8
What is the value of 18 - (-13 - ((-20 - -6) + -3))?
14
Evaluate 4 + (-10 - 3) + -5 + 9.
-5
Evaluate (-5 - 13) + 3 + 3.
-12
What is 0 + 29 + -18 + -23?
-12
Calculate -10 + ((0 - -14) + 4 - 13).
-5
Evaluate -13 + 0 - -23 - 10.
0
What is 5 + -14 + (7 + -4 - -5)?
-1
Calculate -10 - (-14 + 9 + 4).
-9
What is the value of 40 + -15 - 42 - -19?
2
What is (-10 - (-4 + 3 + (-9 - 1))) + 22?
23
(-19 - -2 - -31) + -8 + (-2 - 5)
-1
Evaluate 19 + (27 - 32) - 27.
-13
What is the value of -17 + -9 + (14 - -7)?
-5
What is (-21 - (-1 + 3)) + (-69 - (52 + -112))?
-32
What is (-50 - -21) + 12 + -6?
-23
-61 - (10 - (-1 - -40))
-32
What is 3 - (-26 - -55) - -47?
21
Calculate -10 - (-63 + 25 - -21).
7
Calculate -5 + 7 + 5 + -8 - -8.
7
Calculate -6 - (29 + 5 + -31).
-9
Calculate -5 + 12 + 2 + -29.
-20
What is the value of -10 + -7 - 7 - -14?
-10
Evaluate 3 + (-5 - (-16 - -25)) + -11.
-22
Evaluate 8 - 16 - (-6 - 1 - (2 + -8)).
-7
What is the value of -17 + (24 - 2) - (3 + -6)?
8
What is the value of -7 + 21 + -11 - (12 + 0)?
-9
Calculate -6 + (4 - (4 + -4 + 4 + -1)).
-5
What is the value of -21 + -5 + 7 + 30?
11
Evaluate -2 + 1 + -2 + -3.
-6
-145 + 151 - (-11 - 1)
18
Evaluate -16 - (-19 - 6) - 18.
-9
Evaluate -5 + 25 - 1 - 4.
15
Calculate (-428 - -426) + (-1 + 3 - -17).
17
35 + (23 - 72) + -1 + 13
-2
-26 - (-2 - 29) - (2 + 38) - -8
-27
-20 - (-52 - -20) - 6
6
Calculate -1 + -3 + (-7 - -14 - 3) + 7.
7
(11 - 9) + (-4 - (21 - 3) - 2)
-22
Evaluate (41 + -102 - -43) + -7.
-25
What is the value of (2 + 6 - (5 + -9)) + -9?
3
What is the value of -40 + 39 + (12 - 16)?
-5
-31 + (-13 - -13) - -23
-8
Calculate 36 + (27 - (53 + -28)).
38
Evaluate -6 - (-1 + 3 + -11).
3
What is 14 + -1 + (-45 - -33) - (7 - 3)?
-3
What is (-9 - (-21 + 19)) + 20?
13
What is 8 - ((-27 - -31) + -13 + 2)?
15
(-3 - 0 - 10) + (6 - (-5 - -9))
-11
-40 + 55 + -13 + (-1 - (1 - 15))
15
Evaluate 38 + (-5 - (25 - 7)) - (-6 + 0).
21
-1 - (-10 + -3) - (-3 - (3 - 9))
9
-4 - (-14 + -16 + 38)
-12
What is -2 + (-2 - (14 - 6)) + 5 + 0?
-7
Evaluate -2 - (-9 - (-5 + -4)) - 5.
-7
3 + (5 - -2) - (21 + -5)
-6
What is (11 + -5 - 2) + -11 - (-6 + 1)?
-2
-52 + 24 + 38 - ((2 - 9) + -2)
19
What is -9 + (4 - -6 - 8)?
-7
Evaluate (2 - 3 - 6) + 11.
4
1084 + -1044 + (0 - 3) + (-1 - -4)
40
Evaluate -1 - -6 - (0 - (10 + -17)).
-2
What is (-6 - (7 - -3)) + (18 - (12 - -1))?
-11
Calculate 1 + (-8 - -7 - (-4 + 5)) + 3.
2
(18 + -14 + 8 - 4) + (-53 - -7)
-38
What is -969 + 968 - (0 - (2 - 3))?
-2
-14 + ((5 - (11 - 20)) + -11 - -3)
-8
Calculate 285 + -303 - (-5 - 1).
-12
What is 3 + (12 - 21) + 25?
19
Evaluate (-30 - 5) + 30 - (0 + 11).
-16
Evaluate -104 + 133 + -68 - (-18 + 1).
-22
Calculate 7 - (4 + 0 + 75 + -57).
-15
What is (-1 - -10) + (-352 - -345)?
2
What is the value of (14 - (-18 - -13 - -22)) + 6?
3
Calculate (3 - 5) + -43 - -31.
-14
0 + -7 - (23 - (20 - -16)) - 0
6
Calculate -2 - -18 - (-209 - -237).
-12
1 + 38 - (360 + -339)
18
What is -35 + 21 + 0 + 13 - (0 + 5)?
-6
Calculate (13 - -20 - 25) + -22.
-14
9 - (-11 - -58) - -47
9
What is -15 + -6 + 15 + 0?
-6
What is 0 + 1 + -4 - ((-40 - -18) + 14)?
5
Evaluate 2 - (-2 + 20) - -10.
-6
What is 25 - (-7 + 20) - (0 - -35)?
-23
What is the value of 9 + -14 - (3 + 0 + -25)?
17
Calculate (-1 - 0) + 9 + 1 + 16 + -14.
11
What is the value of -4 - (-1 + 4) - (12 + -38 + 28)?
-9
What is the value of -9 - -21 - (4 + -4)?
12
What is the value of 5 + -7 + 1 - (-4 - 2)?
5
Evaluate 16 - (14 - 2) - (-9 + 1).
12
Calculate -2 + -5 - 9 - -3.
-13
Calculate (-58 - -41) + (8 + 1 - 30).
-38
Evaluate (3 - -3) + (14 - 18) + 0.
2
102 - 92 - (1 + 20)
-11
What is the value of -4 + -5 + 29 - (2 - -4)?
14
Evaluate (-2 - 5) + -2 + 34 + (-11 - -16).
30
What is the value of (-1 + 2 - 16) + 199 + -189?
-5
(21 - 19 - (-1 - -9)) + -1
-7
-5 - (-6 + -1 + 7)
-5
(5 - -2 - 0) + -7 + 1
1
What is (5 - 0 - 0) + 2 + 5 + -6?
6
What is 8 + -17 + 10 - 6?
-5
What is the value of -1 - (2 - (48 + -45 - (3 + -1)))?
-2
What is -3 + (19 - (11 + (1 - 5)))?
9
-1 - ((0 - 9) + 17)
-9
Calculate (12 - (9 - -1)) + -20 + (-4 - -3).
-19
Evaluate (-9 - (-11 + 2)) + 13.
13
What is 1 + -10 + 4 - 0 - (8 + -4)?
-9
What is the value of 18 + (-11 - (5 - -3))?
-1
Calculate (-1 - 8) + (-6 - 13) + 30.
2
Calculate 0 + -6 + -10 + 4.
-12
What is the value of 13 - (-1 + 4 + 4) - -3?
9
(7 + -2 - 0) + -4
1
What is 22 + -17 + -17 + 7?
-5
What is the value of (-4 - (0 + -1) - (5 - 2)) + 19?
13
9 - 4 - (-35 + 50)
-10
Calculate -14 - (0 + 3 + -5 + 0 - 0).
-12
What is 6 + (-1 - (-4 - 2) - (2 + 7))?
2
0 - ((6 - 9) + (-4 - -1) + 1)
5
Calculate (-2 - -2 - (-7 - (2 + -7))) + 9.
11
Calculate (-3 - -41) + (-28 - -11).
21
-1 + (2 - 0) + 5 - (-13 - -9)
10
Evaluate -8 + -7 + 3 + (-7 - (2 - 10)).
-11
What is -12 - (0 - (-4 + 10)) - (4 - 1)?
-9
Evaluate 5 + 2 - (14 - 10 - -5 - 6).
4
Calculate -10 - (-21 + 4 + 7).
0
What 